{"id":19,"date":"2018-09-27T11:26:50","date_gmt":"2018-09-27T14:26:50","guid":{"rendered":"http:\/\/www.redevoluntariasitatiba.com.br\/cms\/?page_id=19"},"modified":"2018-09-27T11:30:46","modified_gmt":"2018-09-27T14:30:46","slug":"quem-somos","status":"publish","type":"page","link":"https:\/\/www.redevoluntariasitatiba.com.br\/cms\/","title":{"rendered":"Quem Somos"},"content":{"rendered":"<div class=\"Object4488\">\n<p>&nbsp;<\/p>\n<div class=\"wpe-col wpe-col-12-12\">\n<div class=\"wpe-col-1\">\n<p><img decoding=\"async\" class=\"aligncenter\" style=\"background-color: rgba(204, 204, 204, 0.2);\" src=\"http:\/\/redevoluntariasitatiba.com.br\/files\/IMG-20180814-WA0042.jpg\" \/><\/p>\n<\/div>\n<div class=\"wpe-col-2\">\n<p><span class=\"textstyle0\"><br \/>\nNo dia 19 de mar\u00e7o de 1957, foi fundada a Rede Feminina de Combate ao C\u00e2ncer de Itatiba, tendo ficado filiada na ocasi\u00e3o \u00e0 Funda\u00e7\u00e3o Ant\u00f4nio Prudente, em S\u00e3o Paulo.<br \/>\nPassados 60 anos, a REDE cumpre, at\u00e9 hoje, o mesmo ideal e objetivos propostos por aquelas senhoras, que \u00e9 o atendimento e o tratamento atrav\u00e9s de medicamentos apropriados e espec\u00edficos aos doentes portadores de c\u00e2ncer de Itatiba , que n\u00e3o t\u00eam condi\u00e7\u00f5es financeiras de arcar com o tratamento, sem distin\u00e7\u00e3o de cor, ra\u00e7a, credo, sexo e idade.<br \/>\n<\/span><\/p>\n<\/div>\n<\/div>\n<div class=\"wpe-col wpe-col-12-12\"><\/div>\n<p>Desde sua funda\u00e7\u00e3o, at\u00e9 o presente momento, a REDE sempre contou com volunt\u00e1rias, as quais, incessantemente trabalham , para angariar fundos para que os doentes tenham suas medica\u00e7\u00f5es garantidas todo m\u00eas. Todos os recursos financeiros, chegam atrav\u00e9s da promo\u00e7\u00e3o de eventos, tais como: tardes beneficentes, festas promovidas pela Prefeitura, bazar permanente e bazar natalino, rifas, campeonatos esportivos e de truco, shows musicais, desfiles de modas, bailes, registro de Nota Fiscal Paulista com postos de arrecada\u00e7\u00e3o dos cupons. A REDE conta tamb\u00e9m com uma equipe de Teledoa\u00e7\u00f5es que busca s\u00f3cios contribuintes da cidade atrav\u00e9s de contatos telef\u00f4nicos com a finalidade de angariar recursos e novos associados.<\/p>\n<\/div>\n<div class=\"Object4489\">\n<p><span class=\"textstyle0\">A 12 janeiro de 1995, a REDE passou a denominar-se Rede de Volunt\u00e1rias de Combate ao C\u00e2ncer de Itatiba, com estatuto pr\u00f3prio e, no ano de 1999, passou a atender em Sede Social pr\u00f3pria, localizada a Rua Maria Pinto Palma, 39 &#8211; Jardim Vit\u00f3ria, constru\u00edda atrav\u00e9s de doa\u00e7\u00f5es de materiais de constru\u00e7\u00e3o, doa\u00e7\u00f5es financeiras do povo itatibense e com recursos provenientes dos muitos eventos realizados. A Prefeitura Municipal de Itatiba cedeu o terreno, na gest\u00e3o do ent\u00e3o Prefeito, Eng. Adilson Franco Penteado.<\/span><\/p>\n<p>A Associa\u00e7\u00e3o possui o T\u00edtulo de &#8220;Utilidade P\u00fablica Estadual&#8221;, atrav\u00e9s da Lei n\u00ba 12.205, de 06\/01\/2006; a declara\u00e7\u00e3o de &#8220;Utilidade P\u00fablica Municipal&#8221;, atrav\u00e9s da Lei n\u00ba 3.288, de 07\/04\/2000, tendo tamb\u00e9m o Certificado de Inscri\u00e7\u00e3o no Conselho Municipal de Assist\u00eancia Social (CMAS), n\u00ba 007\/11 e recebe uma Subven\u00e7\u00e3o Municipal que cobre parte de seus gastos mensais.<\/p>\n<p>A Associa\u00e7\u00e3o conta hoje com uma administradora, uma equipe de teledoa\u00e7\u00f5es e um grupo de 56 volunt\u00e1rias. Conta tamb\u00e9m com uma equipe multidisciplinar para o atendimento aos 140 doentes tratados mensalmente em m\u00e9dia , composta por farmac\u00eautico, nutricionista, assistente social e psic\u00f3loga.<\/p>\n<\/div>\n","protected":false},"excerpt":{"rendered":"<p>&nbsp; No dia 19 de mar\u00e7o de 1957, foi fundada a Rede Feminina de Combate ao C\u00e2ncer de Itatiba, tendo ficado filiada na ocasi\u00e3o \u00e0 Funda\u00e7\u00e3o Ant\u00f4nio Prudente, em S\u00e3o Paulo. Passados 60 anos, a REDE cumpre, at\u00e9 hoje, o mesmo ideal e objetivos propostos por aquelas senhoras, que \u00e9 o atendimento e o tratamento <a href=\"https:\/\/www.redevoluntariasitatiba.com.br\/cms\/\" rel=\"nofollow\"><span class=\"sr-only\">Leia mais sobreQuem Somos<\/span>[&hellip;]<\/a><\/p>\n","protected":false},"author":5,"featured_media":0,"parent":0,"menu_order":0,"comment_status":"closed","ping_status":"closed","template":"","meta":{"footnotes":""},"class_list":["post-19","page","type-page","status-publish","hentry"],"_links":{"self":[{"href":"https:\/\/www.redevoluntariasitatiba.com.br\/cms\/wp-json\/wp\/v2\/pages\/19","targetHints":{"allow":["GET"]}}],"collection":[{"href":"https:\/\/www.redevoluntariasitatiba.com.br\/cms\/wp-json\/wp\/v2\/pages"}],"about":[{"href":"https:\/\/www.redevoluntariasitatiba.com.br\/cms\/wp-json\/wp\/v2\/types\/page"}],"author":[{"embeddable":true,"href":"https:\/\/www.redevoluntariasitatiba.com.br\/cms\/wp-json\/wp\/v2\/users\/5"}],"replies":[{"embeddable":true,"href":"https:\/\/www.redevoluntariasitatiba.com.br\/cms\/wp-json\/wp\/v2\/comments?post=19"}],"version-history":[{"count":0,"href":"https:\/\/www.redevoluntariasitatiba.com.br\/cms\/wp-json\/wp\/v2\/pages\/19\/revisions"}],"wp:attachment":[{"href":"https:\/\/www.redevoluntariasitatiba.com.br\/cms\/wp-json\/wp\/v2\/media?parent=19"}],"curies":[{"name":"wp","href":"https:\/\/api.w.org\/{rel}","templated":true}]}}