{"id":60,"date":"2018-09-27T13:16:50","date_gmt":"2018-09-27T16:16:50","guid":{"rendered":"http:\/\/www.redevoluntariasitatiba.com.br\/cms\/?page_id=60"},"modified":"2024-04-26T21:20:59","modified_gmt":"2024-04-27T00:20:59","slug":"palavra-da-presidente","status":"publish","type":"page","link":"https:\/\/www.redevoluntariasitatiba.com.br\/cms\/palavra-da-presidente\/","title":{"rendered":"Palavra da Presidente"},"content":{"rendered":"<div class=\"wpe-col wpe-col-13-23\">\n<div class=\"wpe-col-1\">\n<p><img decoding=\"async\" class=\"aligncenter\" src=\"http:\/\/redevoluntariasitatiba.com.br\/files\/presidente.jpg\" \/><\/p>\n<\/div>\n<div class=\"wpe-col-2\">\n<p><strong>Palavras da presidente Maria Lenice Franco Penteado Sanfins, cujo mandato se estendeu at\u00e9 Junho\/23<\/strong><\/p>\n<\/div>\n<p>Desde pequena, tive como exemplo minha av\u00f3 paterna sempre preocupada em ajudar o pr\u00f3ximo. Ela fazia colchas de retalhos e doava roupas para os mais necessitados. Inspirada nela e em outras atitudes familiares, fui despertada por uma vontade de fazer algo que pudesse ajudar as pessoas e o trabalho volunt\u00e1rio sempre foi um desejo forte em meu cora\u00e7\u00e3o.<br \/>\nH\u00e1 30 anos, encontrei esse caminho, quando me identifiquei com o trabalho da Rede de Volunt\u00e1rias de Combate ao C\u00e2ncer de Itatiba , tornando-me volunt\u00e1ria.<br \/>\nAo me aposentar, em 2006, ap\u00f3s 36 anos de servi\u00e7os prestados como professora na Rede P\u00fablica Estadual, passei a ter uma dedica\u00e7\u00e3o exclusiva \u00e0 Entidade.<br \/>\nSou a atual presidente e, contando com a ajuda de mais 48 volunt\u00e1rias , realizamos um trabalho de atendimento e aux\u00edlio ao doente portador de c\u00e2ncer de Itatiba, que n\u00e3o tem condi\u00e7\u00f5es financeiras de arcar com o alto custo do tratamento da doen\u00e7a , atrav\u00e9s da doa\u00e7\u00e3o de medicamentos espec\u00edficos e coadjuvantes .<\/p>\n<\/div>\n<div class=\"Object4555\"><span class=\"textstyle0\">A Rede trata , todo m\u00eas , 140 doentes com os mais variados tipos de c\u00e2ncer da cidade e , quando j\u00e1 detectado o tumor, o doente e\/ou seu familiar pode se dirigir \u00e0 Sede da Entidade, onde \u00e9 agendada uma entrevista pra fins espec\u00edficos de cadastro, avalia\u00e7\u00e3o s\u00f3cio- econ\u00f4mica, informa\u00e7\u00f5es sobre a doen\u00e7a e necessidades do doente.<br \/>\nA partir dessa avalia\u00e7\u00e3o e aprovado o cadastro, a Entidade passa a fornecer medicamentos espec\u00edficos e coadjuvantes, suplementos alimentares, fraldas descart\u00e1veis, material para assepsia, e empr\u00e9stimo de cadeiras de rodas e de banho, conforme cada caso. Al\u00e9m disso o doente tamb\u00e9m \u00e9 acompanhado por uma equipe multidisciplinar, composta por uma farmac\u00eautica, uma nutricionista, uma assistente social \u00e9 uma psic\u00f3loga, todas contratadas pela Entidade e que tem como objetivo acompanhar todo o tratamento desse paciente.<br \/>\n<\/span><\/div>\n<div class=\"Object4556\"><span class=\"textstyle0\"><span class=\"textstyle0\">Todos os recursos financeiros que a Entidade arrecada s\u00e3o provenientes da promo\u00e7\u00e3o dos mais variados tipos de eventos tais como: ch\u00e1s e tardes beneficentes , bazar permanente e de artesanato, desfiles de moda, shows musicais, rifas, campeonatos esportivos e de truco, caminhadas, bailes, noites tem\u00e1ticas , participa\u00e7\u00e3o em festas da Prefeitura , registro da Nota Fiscal Paulista , arrecada\u00e7\u00e3o de s\u00f3cios contribuintes atrav\u00e9s de um Telemarketing e recebe uma Subven\u00e7\u00e3o Municipal que cobre um ter\u00e7o dos seus gastos mensais .<br \/>\nVale aqui salientar e agradecer toda a comunidade itatibense, que sempre acreditou e colaborou com a nossa causa . Nosso trabalho n\u00e3o existiria n\u00e3o fosse a dedica\u00e7\u00e3o de volunt\u00e1rias abnegadas , a contribui\u00e7\u00e3o de empresas e pessoas f\u00edsicas e a Prefeitura Municipal.<br \/>\nVale tamb\u00e9m salientar que a Rede foi fundada em 1957 e , ao longo desses 60 anos , sempre foi administrada por mulheres .<br \/>\nHoje temos uma Sede pr\u00f3pria , localizada a rua Maria Pinto Palma, 39, Jardim Vit\u00f3ria.<br \/>\nPara entrar em contato conosco ligue- 4538 8406.<\/span><\/span>Nossos telefones de Teledoa\u00e7\u00f5es: 4538 5937 | 4534 3600Email &#8211; rededevoluntarias@outlook.com<\/p>\n<p>Facebook &#8211; RVCC<\/p>\n<p>Venha conhecer de perto nosso trabalho , sua visita ser\u00e1 um grande prazer!<\/p>\n<p><strong>Em Junho\/2023, j\u00e1 como ex-presidente, Maria Lenice Franco Penteado Sanfins, proferiu o seguinte discurso de agradecimento:<\/p>\n<p><\/strong>Com a sensa\u00e7\u00e3o de dever cumprido e com a alma leve, encerro 10 anos de presid\u00eancia \u00e0 frente da <span style=\"text-decoration: underline;\"><em><strong>Rede de Volunt\u00e1rias de Combate ao C\u00e2ncer de Itatiba .<\/strong><\/em><\/span><br \/>\nS\u00f3 tenho que agradecer a todos que se esfor\u00e7aram muito para que eu pudesse desempenhar essa miss\u00e3o e atingir todos os objetivos a que me propus, contribuindo para que a nossa Entidade pudesse se transformar &#8230;&#8230; ao doente carente portador de c\u00e2ncer sem condi\u00e7\u00f5es financeiras de arcar com o alto custo das medica\u00e7\u00f5es e tratamento.<br \/>\nAgrade\u00e7o a todas as volunt\u00e1rias que n\u00e3o mediram esfor\u00e7os para me ajudar diariamente nesse desafio e que com muita responsabilidade, garra e determina\u00e7\u00e3o, compartilharam comigo tantos momentos dif\u00edceis de d\u00favidas onde t\u00ednhamos que tomar decis\u00f5es para o bom funcionamento da Entidade.<br \/>\nSou tamb\u00e9m muito grata por ter podido contar com profissionais competentes e dedicados a nossa causa , em especial a <span style=\"text-decoration: underline;\">nossa administradora Mari<\/span> que, com muita dedica\u00e7\u00e3o e trabalho, me levou a atingir nossas metas.<br \/>\nMotiva\u00e7\u00e3o, parceria, dedica\u00e7\u00e3o e um grande trabalho em equipe, que exigiu muito esfor\u00e7o de todos, foram os alicerces que me levaram a atingir nossos objetivos.<strong><br \/>\n<\/strong><\/p>\n<\/div>\n","protected":false},"excerpt":{"rendered":"<p>Palavras da presidente Maria Lenice Franco Penteado Sanfins, cujo mandato se estendeu at\u00e9 Junho\/23 Desde pequena, tive como exemplo minha av\u00f3 paterna sempre preocupada em ajudar o pr\u00f3ximo. Ela fazia colchas de retalhos e doava roupas para os mais necessitados. Inspirada nela e em outras atitudes familiares, fui despertada por uma vontade de fazer algo <a href=\"https:\/\/www.redevoluntariasitatiba.com.br\/cms\/palavra-da-presidente\/\" rel=\"nofollow\"><span class=\"sr-only\">Leia mais sobrePalavra da Presidente<\/span>[&hellip;]<\/a><\/p>\n","protected":false},"author":5,"featured_media":0,"parent":0,"menu_order":0,"comment_status":"closed","ping_status":"closed","template":"","meta":{"footnotes":""},"class_list":["post-60","page","type-page","status-publish","hentry"],"_links":{"self":[{"href":"https:\/\/www.redevoluntariasitatiba.com.br\/cms\/wp-json\/wp\/v2\/pages\/60","targetHints":{"allow":["GET"]}}],"collection":[{"href":"https:\/\/www.redevoluntariasitatiba.com.br\/cms\/wp-json\/wp\/v2\/pages"}],"about":[{"href":"https:\/\/www.redevoluntariasitatiba.com.br\/cms\/wp-json\/wp\/v2\/types\/page"}],"author":[{"embeddable":true,"href":"https:\/\/www.redevoluntariasitatiba.com.br\/cms\/wp-json\/wp\/v2\/users\/5"}],"replies":[{"embeddable":true,"href":"https:\/\/www.redevoluntariasitatiba.com.br\/cms\/wp-json\/wp\/v2\/comments?post=60"}],"version-history":[{"count":2,"href":"https:\/\/www.redevoluntariasitatiba.com.br\/cms\/wp-json\/wp\/v2\/pages\/60\/revisions"}],"predecessor-version":[{"id":2095,"href":"https:\/\/www.redevoluntariasitatiba.com.br\/cms\/wp-json\/wp\/v2\/pages\/60\/revisions\/2095"}],"wp:attachment":[{"href":"https:\/\/www.redevoluntariasitatiba.com.br\/cms\/wp-json\/wp\/v2\/media?parent=60"}],"curies":[{"name":"wp","href":"https:\/\/api.w.org\/{rel}","templated":true}]}}

<div class="wpe-col wpe-col-13-23">
<div class="wpe-col-1">
<p><img decoding="async" class="aligncenter" src="http://redevoluntariasitatiba.com.br/files/presidente.jpg" /></p>
</div>
<div class="wpe-col-2">
<p><strong>Palavras da presidente Maria Lenice Franco Penteado Sanfins, cujo mandato se estendeu até Junho/23</strong></p>
</div>
<p>Desde pequena, tive como exemplo minha avó paterna sempre preocupada em ajudar o próximo. Ela fazia colchas de retalhos e doava roupas para os mais necessitados. Inspirada nela e em outras atitudes familiares, fui despertada por uma vontade de fazer algo que pudesse ajudar as pessoas e o trabalho voluntário sempre foi um desejo forte em meu coração.<br />
Há 30 anos, encontrei esse caminho, quando me identifiquei com o trabalho da Rede de Voluntárias de Combate ao Câncer de Itatiba , tornando-me voluntária.<br />
Ao me aposentar, em 2006, após 36 anos de serviços prestados como professora na Rede Pública Estadual, passei a ter uma dedicação exclusiva à Entidade.<br />
Sou a atual presidente e, contando com a ajuda de mais 48 voluntárias , realizamos um trabalho de atendimento e auxílio ao doente portador de câncer de Itatiba, que não tem condições financeiras de arcar com o alto custo do tratamento da doença , através da doação de medicamentos específicos e coadjuvantes .</p>
</div>
<div class="Object4555"><span class="textstyle0">A Rede trata , todo mês , 140 doentes com os mais variados tipos de câncer da cidade e , quando já detectado o tumor, o doente e/ou seu familiar pode se dirigir à Sede da Entidade, onde é agendada uma entrevista pra fins específicos de cadastro, avaliação sócio- econômica, informações sobre a doença e necessidades do doente.<br />
A partir dessa avaliação e aprovado o cadastro, a Entidade passa a fornecer medicamentos específicos e coadjuvantes, suplementos alimentares, fraldas descartáveis, material para assepsia, e empréstimo de cadeiras de rodas e de banho, conforme cada caso. Além disso o doente também é acompanhado por uma equipe multidisciplinar, composta por uma farmacêutica, uma nutricionista, uma assistente social é uma psicóloga, todas contratadas pela Entidade e que tem como objetivo acompanhar todo o tratamento desse paciente.<br />
</span></div>
<div class="Object4556"><span class="textstyle0"><span class="textstyle0">Todos os recursos financeiros que a Entidade arrecada são provenientes da promoção dos mais variados tipos de eventos tais como: chás e tardes beneficentes , bazar permanente e de artesanato, desfiles de moda, shows musicais, rifas, campeonatos esportivos e de truco, caminhadas, bailes, noites temáticas , participação em festas da Prefeitura , registro da Nota Fiscal Paulista , arrecadação de sócios contribuintes através de um Telemarketing e recebe uma Subvenção Municipal que cobre um terço dos seus gastos mensais .<br />
Vale aqui salientar e agradecer toda a comunidade itatibense, que sempre acreditou e colaborou com a nossa causa . Nosso trabalho não existiria não fosse a dedicação de voluntárias abnegadas , a contribuição de empresas e pessoas físicas e a Prefeitura Municipal.<br />
Vale também salientar que a Rede foi fundada em 1957 e , ao longo desses 60 anos , sempre foi administrada por mulheres .<br />
Hoje temos uma Sede própria , localizada a rua Maria Pinto Palma, 39, Jardim Vitória.<br />
Para entrar em contato conosco ligue- 4538 8406.</span></span>Nossos telefones de Teledoações: 4538 5937 | 4534 3600Email &#8211; rededevoluntarias@outlook.com</p>
<p>Facebook &#8211; RVCC</p>
<p>Venha conhecer de perto nosso trabalho , sua visita será um grande prazer!</p>
<p><strong>Em Junho/2023, já como ex-presidente, Maria Lenice Franco Penteado Sanfins, proferiu o seguinte discurso de agradecimento:</p>
<p></strong>Com a sensação de dever cumprido e com a alma leve, encerro 10 anos de presidência à frente da <span style="text-decoration: underline;"><em><strong>Rede de Voluntárias de Combate ao Câncer de Itatiba .</strong></em></span><br />
Só tenho que agradecer a todos que se esforçaram muito para que eu pudesse desempenhar essa missão e atingir todos os objetivos a que me propus, contribuindo para que a nossa Entidade pudesse se transformar &#8230;&#8230; ao doente carente portador de câncer sem condições financeiras de arcar com o alto custo das medicações e tratamento.<br />
Agradeço a todas as voluntárias que não mediram esforços para me ajudar diariamente nesse desafio e que com muita responsabilidade, garra e determinação, compartilharam comigo tantos momentos difíceis de dúvidas onde tínhamos que tomar decisões para o bom funcionamento da Entidade.<br />
Sou também muito grata por ter podido contar com profissionais competentes e dedicados a nossa causa , em especial a <span style="text-decoration: underline;">nossa administradora Mari</span> que, com muita dedicação e trabalho, me levou a atingir nossas metas.<br />
Motivação, parceria, dedicação e um grande trabalho em equipe, que exigiu muito esforço de todos, foram os alicerces que me levaram a atingir nossos objetivos.<strong><br />
</strong></p>
</div>

<p>Palavras da presidente Maria Lenice Franco Penteado Sanfins, cujo mandato se estendeu até Junho/23 Desde pequena, tive como exemplo minha avó paterna sempre preocupada em ajudar o próximo. Ela fazia colchas de retalhos e doava roupas para os mais necessitados. Inspirada nela e em outras atitudes familiares, fui despertada por uma vontade de fazer algo <a href="https://www.redevoluntariasitatiba.com.br/cms/palavra-da-presidente/" rel="nofollow"><span class="sr-only">Leia mais sobrePalavra da Presidente</span>[&hellip;]</a></p>
